se
Let p(k) be the third derivative of k**6/120 + 4*k**5/15 - 5*k**4/8 + 119*k**3/6 + 154*k**2. Is p(-17) composite?
True
Suppose -60 = 2*l - 3*l. Suppose 0 = -x - 79 + l. Let k = 104 + x. Is k prime?
False
Let u = -32 - -25. Let q be 4/1 - (u - 11). Is 2702/q + (-42)/(-231) prime?
False
Suppose i + 12798 + 10774 = -5*m, -3*i - 70754 = -4*m. Let l = -12309 - i. Is l a prime number?
True
Suppose 0 = -3*u + 37 + 32. Suppose 14*i = 9*i + 2575. Let d = u + i. Is d prime?
False
Let s(g) = -3*g**2 - 18*g - 4. Let o(r) = 5*r**2 + 37*r + 7. Let f(z) = 4*o(z) + 7*s(z). Let t be f(9). Let u = 476 - t. Is u a composite number?
False
Let x = -141055 + 480284. Is x prime?
False
Let u(w) = -57*w**3 + 3*w**2 - 44*w - 15. Is u(-11) a composite number?
True
Suppose 91966 - 260486 = -10*t. Suppose t = 38*j - 88294. Is j a composite number?
False
Let j = 79431 - 56578. Is j prime?
True
Suppose -16*d + 20 = -11*d. Suppose 8*y = d*y + 68. Is (18/(-12))/(y/20 - 1) composite?
True
Let q(n) = -640*n**3 - 8*n**2 + 8*n + 59. Is q(-8) a prime number?
True
Let x(w) = -518*w - 18. Let i be x(-5). Suppose -i = -6*d + 1400. Is d prime?
False
Let p be (1 - -9)*(-14)/(-35)*4. Suppose 0 = -45*x + 44*x + p. Is -15 + x - (-535 + -1) composite?
True
Suppose -26*z - 553510 - 216445 = -31*z. Is z composite?
False
Let n be 7 + 3 - ((-32)/(-4))/(-4). Suppose 2 - n = -2*c. Suppose c*s = -m - 273 + 1737, -4*m + 289 = s. Is s prime?
True
Let l = -137 - -136. Is 3/((6/5638)/((-1)/l)) a composite number?
False
Let u = 33205 - 19154. Is u composite?
False
Let n = -316629 - -532298. Is n a composite number?
True
Let t(g) = g**3 + 18*g**2 + 17*g + 2. Let x = -15 - 2. Let d be t(x). Suppose -669 = -d*p + 1877. Is p prime?
False
Suppose 19*y + 20*y = 0. Is 3243 + 6 + (y - -2) composite?
False
Let p = 149392 - 28569. Is p a prime number?
True
Let d be (14 - -1)/(0 - 1). Let z(w) = -w**3 - 2*w**2 + 8*w + 1. Let i be z(-4). Is (i/((-9)/(-11046)))/((-10)/d) prime?
False
Suppose 3*w = 3*v - 153972, 2*w = -3*w - 3*v - 256652. Let t = 76341 + w. Is t a prime number?
True
Let v = -188900 + 446683. Is v a composite number?
False
Let x(t) = 40439*t**2 - 37*t + 209. Is x(5) a prime number?
False
Suppose 22*f - 18*f - 80 = 0. Suppose -25*u + f*u = -20. Suppose 11*s - 1631 = u*s. Is s prime?
True
Is 1*(16381182/(-22) - 18/(-99))*-1 prime?
True
Let s = 822376 - -240093. Is s a prime number?
True
Let w(g) = -2*g**3 - 11*g**2 + 14*g - 46. Let j(o) = -o**3 - o**2 + o + 1. Let m(u) = j(u) - w(u). Is m(9) a composite number?
True
Let t be 10/(-5)*(-4)/(-8). Is 7567 + -4 - (-3 - t)*-1 a composite number?
False
Let i(n) = -5*n + 93. Let y be i(21). Let t(b) = -b**2 - 36*b + 23. Is t(y) prime?
True
Let g be 2/(0/2 - 10/(-35)). Let x(c) be the first derivative of 6*c**3 - 7*c**2 + 13*c - 1. Is x(g) composite?
False
Let n = 7513 - 16937. Is 51/(-42)*n - (-9)/(-21) composite?
False
Let z = -735928 - -1094969. Is z a composite number?
False
Let b be -932*(351/(-36) + 2). Let l = 12546 - b. Is l a prime number?
True
Suppose d - 15552 = 5*g, 103*d - 107*d = -3*g - 62123. Is d composite?
False
Suppose 4*t + 3*c - 28912 = 4693, 0 = -2*c + 6. Suppose -f - 2100 = -o, -5*o + 5*f + t = -o. Is o a composite number?
True
Suppose -5*x + 9*x = 2*s - 7050710, 0 = -5*s - 2*x + 17626835. Is s composite?
True
Suppose -3*u + 8*u = -4*v + 17, 10 = 4*u + 5*v. Suppose -u*r = 0, 3*s + r - 1167 = 1476. Suppose -10*t + s = 11. Is t composite?
True
Let y(k) = 2*k**3 + 24*k**2 - k - 7. Let s be y(-12). Is (-2)/2 - (-2786)/(s/5) a composite number?
True
Is -38039*(-21 - 380/(-19)) prime?
True
Let q(p) = -p**3 - 9*p**2 - 6*p + 5. Let j be q(-8). Let y(u) = -u**2 - 20*u - 42. Is y(j) composite?
True
Let n(f) = -f**2 - 26*f - 90. Let q be n(-22). Let d(w) = w**3 + 12*w**2 - w - 6. Let r be d(-12). Is (4/q - -1499)/(-5 + r) prime?
False
Suppose -123 + 135 = -4*t. Let m(b) = -30*b**3 - 3*b**2 - 7*b - 5. Is m(t) composite?
True
Let h = -61 - -64. Let p(l) = 15*l + 31. Let s be p(6). Suppose -4*z + s = -h*z. Is z composite?
True
Suppose 63*f = -6*f + 6161217. Is f a composite number?
False
Let k(v) = 1500*v**2 - 4*v + 2. Let d be k(2). Suppose 2 = -2*a, -4*g + d = 3*a + 593. Let u = 4302 - g. Is u prime?
False
Suppose y - 2*f - 9 = 0, -f - 15 = 2*y - 6*y. Suppose -5*m = -3*k + 91 + 1062, y*k - 1133 = -5*m. Is k a prime number?
False
Let t(y) = 5*y**3 + 33*y**2 - 18*y + 17. Is t(25) a prime number?
True
Let r = 45082 + -17110. Is r/21 - 5*-1 composite?
True
Let f = -5 - -21. Let w(b) = -b**3 + 11*b**2 + 24*b - 13. Let m be w(f). Let h = -190 - m. Is h composite?
False
Let k be 119*10/630*-9. Let q(g) = 2 - 71*g + 31 + 37. Is q(k) prime?
True
Suppose -297*v = -295*v - 12. Suppose 5*x - 5*f + 2*f = 29, -2*x + f = -11. Suppose v*b - 3170 = -x*b. Is b a prime number?
True
Suppose -2*a + 2*u + 6313 = 3*a, 5*u + 3784 = 3*a. Let o = a + -691. Is 1 - o/(5/(-5)) prime?
False
Let z be 126672/(-390) - (-2)/(-10). Let x = -1715 - -1179. Let j = z - x. Is j a prime number?
True
Suppose -5*n = 8*n - 137412 - 616627. Is n prime?
False
Let c be -20*(-15002)/12 + 62/93. Suppose 3*y + 43527 = 3*q, -5*y - c = -3*q + 18515. Is q composite?
True
Is 2967676/6 - (-1639)/(-447) composite?
False
Let i be 18/7 + 393/917. Let z = -2 - -2. Suppose -t + 398 = -z*y + i*y, -5 = -5*y. Is t prime?
False
Let s = 70 - 62. Suppose -2*i + s = -i - 4*l, -5*i + l + 2 = 0. Is (-4)/10 + i - 5437/(-5) a composite number?
False
Suppose -304*g - 76 = -266*g. Let k(t) = 4 - 59*t - 5 + 2. Is k(g) a prime number?
False
Let b be 0/(1 + -1*2). Suppose -6406*z + 6415*z = 0. Suppose b*h - 3*h + 4083 = z. Is h a prime number?
True
Suppose 0 = 4*v + 3*d + 6, d + 0*d = 3*v + 11. Let f(t) = -92*t**3 + 4*t**2 + 4*t - 5. Is f(v) composite?
False
Is (-10 - 43036)/((-38)/209) a prime number?
False
Let c = -624 + 626. Suppose 3*j - 13692 = -3*p + 3648, -c*j + 11553 = -5*p. Is j a composite number?
False
Suppose -57*o + x = -59*o + 1540503, -4*x - 1540478 = -2*o. Is o prime?
False
Suppose -12 = -3*s - 0*s, -2*j - 5*s + 22 = 0. Let d be 39/33 - j - 140/(-77). Suppose d*k - 495 = -7*k. Is k composite?
True
Let y(h) = h**2 + 26*h. Let a(b) = -9*b**2 - 85*b - 24. Let k(g) = -a(g) - 3*y(g). Let t be 2 - 13 - (1 + -1). Is k(t) prime?
True
Is ((-158565)/10 - -6)/((-60)/40) prime?
True
Let g(r) = -r**3 - 6*r**2 - 7*r - 3. Let k be g(-5). Suppose 11*u + 32 = k*u. Let f = u - -105. Is f a composite number?
False
Let s(w) = -111*w + 32. Let b be -1 - 5/(-3 - 2). Let a be (b/((-4)/4) - 6) + -1. Is s(a) prime?
True
Let b = -32596 - -64223. Is b prime?
True
Let g = -10479 - -48242. Is g a composite number?
True
Suppose 3*f + 5*f = 11*f, -4*c = 3*f - 614428. Is c a prime number?
True
Suppose -669 = g - 659. Let w(k) = 7*k**2 - 47*k - 13. Is w(g) a composite number?
True
Suppose -62*d + 5 = -61*d. Suppose -d*n + 6*n - 587 = 0. Is n a prime number?
True
Let n(u) = u**3 + 17*u**2 - 17*u + 22. Let i be n(-18). Let y be (-36)/20 + 2 + 42436/20. Suppose -6*r + y = -i*r. Is r a composite number?
False
Suppose -4*w + u = 33290, -w - u - 8330 = -5*u. Let i = -5479 - w. Is i prime?
True
Let t(n) = 15*n - 56. Let d be t(25). Suppose 10*c + d = 2409. Is c composite?
True
Is -1 + ((-2)/5)/((-59)/75484305) prime?
True
Let d(y) = 9*y + 5*y**2 + 8 + y**3 - 16*y - 17 + 6*y. Let t be d(4). Let w = t + 306. Is w composite?
True
Suppose -4*l = -7*l + 3*g - 204, -5*l - 335 = -4*g. Let y = -64 - l. Let d(u) = -1477*u**3 + u**2 - 1. Is d(y) a prime number?
False
Let z = 93 - 39. Let f be 1096 + ((-6)/(-8))/(63/84). Let t = f + z. Is t prime?
True
Let f be (6*77/168)/((-2)/8). Is f/(77/4) + 47655/35 composite?
False
Let w be 41694/1 + 0 - (-12 - -15). Suppose -5*c + w = 10111. Suppose -25*a - c = -29*a. Is a a composite number?
False
Is (9911/(-22) + -10)/(1 + 265/(-262)) a composite number?
True
Let x(h) = 6*h + 33. Let g be x(-5). Suppose 3*b = 5*b - o - 3613, -3*o + g = 0. Suppose 7*i - b - 5046 = 0. Is i a prime number?
False
Suppose -33909 = 9*n - 1155102. Is n a prime number?
True
Suppose 5*w = -l + 1905323, 377*w + 56 = 384*w. Is l a composite number?
False
Let a = 41026 + 27261. Is a prime?
False
Suppose 13032168 + 16386998 = 203*y. Is y a prime number?
False
Let a = -110465 - -155956. Is a prime?
True
Let u be (-2 - -3) + 78/3. Is (1008